{"id":8,"date":"2017-09-11T10:50:51","date_gmt":"2017-09-11T10:50:51","guid":{"rendered":"https:\/\/basurama.org\/zaborrapuztu\/?page_id=8"},"modified":"2017-10-13T21:52:26","modified_gmt":"2017-10-13T21:52:26","slug":"que","status":"publish","type":"page","link":"https:\/\/archive.basurama.org\/zaborrapuztu\/que\/","title":{"rendered":"Qu\u00e9"},"content":{"rendered":"<p>Zaborra Puztu es un proyecto pedag\u00f3gico que consiste en la producci\u00f3n de una red estructuras inflables fabricadas con pl\u00e1stico usado.<\/p>\n<h2><b>Objetivos<\/b><\/h2>\n<p>KALEKA y Basurama se han embarcado en un proyecto de producci\u00f3n de inflables con pl\u00e1stico usado. Despu\u00e9s de realizar un inflable el verano de 2016, con la ayuda de familias y j\u00f3venes de todas las edades,\u00a0han producido una nueva familia de inflables con un centro escolar de Lekeitio y con otro en Amoroto.<\/p>\n<p>Se propone ofertar los inflables producidos a otros festivales o encuentros afines para establecer nuevas l\u00edneas experimentales de colaboraci\u00f3n entre ellos. Es un punto de partida para que los trabajos se conozcan y se produzcan polinizaciones entre ellos.<\/p>\n<p>De este modo se pueden generar l\u00edneas de colaboraci\u00f3n que puedan generar una l\u00ednea de trabajo com\u00fan\u00a0que de lugar a nuevos proyectos.<\/p>\n<hr \/>\n<p><span style=\"font-weight: 400;\"><strong>Zaborra puztu<\/strong>, el nombre de la inciativa, significa Infla tu basura en euskera y es el \u00faltimo de <\/span><a href=\"https:\/\/basurama.org\/proyectos\/?cat=in-love-we-trash\"><span style=\"font-weight: 400;\">la serie de proyectos<\/span><\/a><span style=\"font-weight: 400;\"> de Basurama que utilizan el pl\u00e1stico de desecho para generar espacios inflables. Dos iconos de la sociedad de consumo, la bolsa de pl\u00e1stico del supermercado y el pl\u00e1stico de embalaje, se convierten en materia prima para construir un espacio a base de aire propulsado por ventiladores dom\u00e9sticos.<\/span><\/p>\n<p>&nbsp;<\/p>\n","protected":false},"excerpt":{"rendered":"<p>Zaborra Puztu es un proyecto pedag\u00f3gico que consiste en la producci\u00f3n de una red estructuras inflables fabricadas con pl\u00e1stico usado. Objetivos KALEKA y Basurama se han embarcado en un proyecto de producci\u00f3n de inflables con pl\u00e1stico usado. Despu\u00e9s de realizar un inflable el verano de 2016, con la ayuda de familias y j\u00f3venes de todas &hellip; <\/p>\n<p class=\"link-more\"><a href=\"https:\/\/archive.basurama.org\/zaborrapuztu\/que\/\" class=\"more-link\">Continuar leyendo<span class=\"screen-reader-text\"> \u00abQu\u00e9\u00bb<\/span><\/a><\/p>\n","protected":false},"author":1,"featured_media":0,"parent":0,"menu_order":0,"comment_status":"closed","ping_status":"closed","template":"","meta":{"footnotes":""},"class_list":["post-8","page","type-page","status-publish","hentry"],"_links":{"self":[{"href":"https:\/\/archive.basurama.org\/zaborrapuztu\/wp-json\/wp\/v2\/pages\/8","targetHints":{"allow":["GET"]}}],"collection":[{"href":"https:\/\/archive.basurama.org\/zaborrapuztu\/wp-json\/wp\/v2\/pages"}],"about":[{"href":"https:\/\/archive.basurama.org\/zaborrapuztu\/wp-json\/wp\/v2\/types\/page"}],"author":[{"embeddable":true,"href":"https:\/\/archive.basurama.org\/zaborrapuztu\/wp-json\/wp\/v2\/users\/1"}],"replies":[{"embeddable":true,"href":"https:\/\/archive.basurama.org\/zaborrapuztu\/wp-json\/wp\/v2\/comments?post=8"}],"version-history":[{"count":4,"href":"https:\/\/archive.basurama.org\/zaborrapuztu\/wp-json\/wp\/v2\/pages\/8\/revisions"}],"predecessor-version":[{"id":53,"href":"https:\/\/archive.basurama.org\/zaborrapuztu\/wp-json\/wp\/v2\/pages\/8\/revisions\/53"}],"wp:attachment":[{"href":"https:\/\/archive.basurama.org\/zaborrapuztu\/wp-json\/wp\/v2\/media?parent=8"}],"curies":[{"name":"wp","href":"https:\/\/api.w.org\/{rel}","templated":true}]}}