{"id":2,"date":"2012-05-09T16:29:01","date_gmt":"2012-05-09T16:29:01","guid":{"rendered":"https:\/\/archive.basurama.org\/enciclomierda\/?page_id=2"},"modified":"2012-05-11T17:24:43","modified_gmt":"2012-05-11T17:24:43","slug":"about","status":"publish","type":"page","link":"https:\/\/archive.basurama.org\/enciclomierda\/about\/","title":{"rendered":"Sobre la Enclicomierda"},"content":{"rendered":"<p><strong>La Enciclomierda:\u00a0<em>Glosario de la vida moderna, consumista y buenrollista<\/em> <\/strong>es una serie de art\u00edculos\/conceptos desgranados\/descojonados\u00a0por Basurama que ir\u00e1n abordando y desentra\u00f1ando, desde diferentes \u00e1mbitos, t\u00e9rminos comunes. Se publicar\u00e1 una definici\u00f3n por mes en la revista <a href=\"http:\/\/www.calle20.es\/\">Calle20<\/a>.<\/p>\n<p>Una f\u00e1brica de creaci\u00f3n de <a href=\"http:\/\/es.wikipedia.org\/wiki\/Meme\">Memes<\/a>. Manos a la obra.<\/p>\n<p>\u00daltimas entradas de la <strong>Enciclomierda<\/strong>:<\/p>\n<p>[display-posts posts_per_page=\u00bb10&#8243; include_excerpt=\u00bbtrue\u00bb]<\/p>\n","protected":false},"excerpt":{"rendered":"<p>La Enciclomierda:\u00a0Glosario de la vida moderna, consumista y buenrollista es una serie de art\u00edculos\/conceptos desgranados\/descojonados\u00a0por Basurama que ir\u00e1n abordando y desentra\u00f1ando, desde diferentes \u00e1mbitos, t\u00e9rminos comunes. Se publicar\u00e1 una definici\u00f3n por mes en la revista Calle20. Una f\u00e1brica de creaci\u00f3n &hellip; <a href=\"https:\/\/archive.basurama.org\/enciclomierda\/about\/\">Sigue leyendo <span class=\"meta-nav\">&rarr;<\/span><\/a><\/p>\n","protected":false},"author":1,"featured_media":0,"parent":0,"menu_order":0,"comment_status":"open","ping_status":"open","template":"","meta":{"footnotes":""},"class_list":["post-2","page","type-page","status-publish","hentry"],"_links":{"self":[{"href":"https:\/\/archive.basurama.org\/enciclomierda\/wp-json\/wp\/v2\/pages\/2","targetHints":{"allow":["GET"]}}],"collection":[{"href":"https:\/\/archive.basurama.org\/enciclomierda\/wp-json\/wp\/v2\/pages"}],"about":[{"href":"https:\/\/archive.basurama.org\/enciclomierda\/wp-json\/wp\/v2\/types\/page"}],"author":[{"embeddable":true,"href":"https:\/\/archive.basurama.org\/enciclomierda\/wp-json\/wp\/v2\/users\/1"}],"replies":[{"embeddable":true,"href":"https:\/\/archive.basurama.org\/enciclomierda\/wp-json\/wp\/v2\/comments?post=2"}],"version-history":[{"count":7,"href":"https:\/\/archive.basurama.org\/enciclomierda\/wp-json\/wp\/v2\/pages\/2\/revisions"}],"predecessor-version":[{"id":52,"href":"https:\/\/archive.basurama.org\/enciclomierda\/wp-json\/wp\/v2\/pages\/2\/revisions\/52"}],"wp:attachment":[{"href":"https:\/\/archive.basurama.org\/enciclomierda\/wp-json\/wp\/v2\/media?parent=2"}],"curies":[{"name":"wp","href":"https:\/\/api.w.org\/{rel}","templated":true}]}}