{"id":891,"date":"2011-02-15T10:40:50","date_gmt":"2011-02-15T10:40:50","guid":{"rendered":"https:\/\/basurama.org\/"},"modified":"2024-10-14T23:27:22","modified_gmt":"2024-10-14T21:27:22","slug":"about","status":"publish","type":"page","link":"https:\/\/archive.basurama.org\/en\/about\/","title":{"rendered":"About Basurama"},"content":{"rendered":"<p>Basurama is an\u00a0artist\u00a0collective dedicated to research, cultural and environmental creation and production\u00a0whose\u00a0practice revolves around the reflection of trash, waste and reuse in all its formats and possible meanings.\u00a0It was born in\u00a0the\u00a0Madrid School of Architecture (ETSAM) in the year 2001 and, since then, it has evolved and acquired new shapes. Our aim is to study those phenomena inherent in the massive production of real and virtual trash in the consumer society, providing different points of view on the subject that might generate new thoughts and attitudes. We find gaps in these processes of production and\u00a0consumption\u00a0that not only raise\u00a0questions about the way we manage our resources but also about the way we think, we work, we perceive reality.<\/p>\n<p>Far from trying to offer a single manifest to be used as a manual, Basurama has compiled a series of multiform opinions and projects, not necessarily resembling each other, which explore different areas related to trash. We try to establish subtle connections between them so that they may give rise to unexpected reactions. We are not worried about its lack of unity; moreover, we believe it as evocative and potentially subversive values. Besides the visual arts in all its formats Basurama compiles all kind of workshops, talks, concerts, projections and publications.<\/p>\n<p>Basurama acts like a creative linking platform where different agents of the same social network come together. It has created more than\u00a0100\u00a0projects in the four continents. Its base is in Madrid, but it is also formed by two representative offices in Bilbao (Spain).<\/p>\n<p>&nbsp;<\/p>\n<h2 class=\"page-heading\">Who WE ARE<\/h2>\n<p><a href=\"https:\/\/basurama.org\/wp-content\/uploads\/2009\/10\/fotodegrupo1366.jpg\"><img loading=\"lazy\" decoding=\"async\" class=\" alignright wp-image-21868\" src=\"https:\/\/basurama.org\/wp-content\/uploads\/2009\/10\/fotodegrupo1366.jpg\" alt=\"fotodegrupo1366\" width=\"504\" height=\"324\" \/><\/a><strong>Basurama Madrid<\/strong><span class=\"Apple-converted-space\">\u00a0<\/span>is formed by<\/p>\n<ul>\n<li>M\u00f3nica Guti\u00e9rrez Herrero<\/li>\n<li>Rub\u00e9n Lorenzo Montero<\/li>\n<li>Alberto Nanclares da Veiga<\/li>\n<li>Manuel Polanco P\u00e9rez-Llantada<\/li>\n<li>Nerea Sanz Ferrer<\/li>\n<\/ul>\n<p><strong>Basurama Milan<\/strong> is formed by<\/p>\n<ul>\n<li>Miguel Rodr\u00edguez Cruz<\/li>\n<\/ul>\n<p><strong>Basurama Bilbao<\/strong><span class=\"Apple-converted-space\">\u00a0<\/span>is formed by<\/p>\n<ul>\n<li>Pablo Rey Maz\u00f3n<\/li>\n<\/ul>\n<p><strong>Had been part of Basurama:<\/strong><\/p>\n<ul>\n<li>Carlos Alarcon Allen<\/li>\n<li>Benjam\u00edn Castro Teran<\/li>\n<li>Yago Bouzada Biurrun<\/li>\n<li>Juan L\u00f3pez-Aranguren Bl\u00e1zquez<\/li>\n<\/ul>\n<p>&nbsp;<\/p>\n<h2 class=\"page-heading\">CV<\/h2>\n<p>You can check our complete curriculum <a href=\"https:\/\/docs.google.com\/document\/d\/1bqEoDL0YklPwNpEULgh-2G9v6IhDURg26i8bIkM8KrE\/pub\">here<\/a><\/p>\n<p><a href=\"https:\/\/drive.google.com\/file\/d\/1LDfrD3UfH2_zPfbEgi-e1dKNvSjUudMD\/view?usp=sharing\">Download Porfolio<\/a><\/p>\n<p>&nbsp;<\/p>\n<h2 class=\"page-heading\">MORE ABOUT US<\/h2>\n<p>In this<a href=\"http:\/\/www.elcultural.es\/videos\/video\/1039\/DINAMIZADORES\/Basurama_arte_y_reflexion_con_desperdicios\"> video<\/a> we explain how we see our practice nowadays.<\/p>\n<p>This video from the TV program<a href=\"http:\/\/www.rtve.es\/alacarta\/videos\/la-aventura-del-saber\/aventura-del-saber-basurama\/2019944\/\"> La Aventura del Saber<\/a> explains very well many of our recent activities.<\/p>\n<p>In this questionnaire we answer general questions about Basurama, and about and participatory projects and cultural ecosystems.<\/p>\n<p>&nbsp;<\/p>\n<h2 class=\"page-heading\">INTERNS<\/h2>\n<p>These people have been interns with us:<\/p>\n<p>Chiara Torelli (April 2024 \u2013 July 2024)<\/p>\n<p>Enrique Fern\u00e1ndez V\u00e1zquez (February 2024 \u2013 June 2024)<\/p>\n<p>Elizaveta Pikul (September 2023 \u2013 December 2023)<\/p>\n<p>Alba Domingo Dophemont (September 2023 \u2013 February 2024)<\/p>\n<p>Laura Labrador Garc\u00eda (February 2023 \u2013 July 2023)<\/p>\n<p>Carmen Di\u00e9guez Ojeda (September 2022 \u2013 February 2023)<\/p>\n<p>Alexandra Maximov\u00e1 (September 2022 \u2013 June 2023)<\/p>\n<p>I\u00f1aki Garc\u00eda Esteban (February 2022 \u2013 July 2022)<\/p>\n<p>Stela Vakalopoulou (February 2022 \u2013 May 2022)<\/p>\n<p>Violeta P\u00e9rez Hurtado (February 2022 \u2013 June 2022)<\/p>\n<p>Laura Castronovo Albanese (November 2021 \u2013 February\u00a02022)<\/p>\n<p>Luc\u00eda G\u00f3mez Mellado (September 2021 \u2013 February\u00a02022)<\/p>\n<p>Gabriel Cazzola (September 2021 \u2013 December 2021)<\/p>\n<p>Kenza Jazouli (May 2021)<\/p>\n<p>Mar\u00eda Luc\u00eda Pe\u00f1a Ardila (March 2021 \u2013 May 2021 and September 2021 \u2013 December 2021)<\/p>\n<p>Candela Guindo Navarro (February\u00a02021 \u2013 June 2021)<\/p>\n<p>Luc\u00eda D\u00edaz-Blanco Mart\u00ednez (February\u00a02021 \u2013 June 2021)<\/p>\n<p>Alix Mesguen (September 2020 \u2013 February\u00a02021)<\/p>\n<p>\u00c1lvaro Gonz\u00e1lez Serrano (September 2020 \u2013 January 2021)<\/p>\n<p>Regina Lagos Gonz\u00e1lez (March 2020 \u2013 May 2020)<\/p>\n<p>Andrea Arranz S\u00e1nchez (February 2020 \u2013 June 2020)<\/p>\n<p>Ana Iris Alameda Olivo (February 2020 \u2013 June 2020)<\/p>\n<p>Joanna Poupaki (November 2019\u00a0\u2013 July 2020)<\/p>\n<p>Eleni Diamantouli (November 2019\u00a0\u2013 April 2020)<\/p>\n<p>\u00c1ngel Taboas Troncoso\u00a0(September 2019\u00a0\u2013 February 2020)<\/p>\n<p>David Tablado Aguilera (September 2019\u00a0\u2013 February 2020)<\/p>\n<p>Clava von Schwerin (May 2019\u00a0\u2013 July 2019)<\/p>\n<p>Beatrice de Nicola\u00a0(February 2019 \u2013 July 2019)<\/p>\n<p>Pablo Paniagua (February 2019 \u2013 June 2019)<\/p>\n<p>Delia D\u00edaz Utrilla\u00a0(February 2019 \u2013 June 2019)<\/p>\n<p><a href=\"https:\/\/www.linkedin.com\/in\/miriellerobles\/\">Mirielle Esther Robles<\/a> (September 2018 \u2013 February\u00a02019)<\/p>\n<p>Sandro Cobo Jim\u00e9nez (September 2018 \u2013 January\u00a02019)<\/p>\n<p>Christina Ioannou (September 2018 \u2013 December 2018)<\/p>\n<p>Patricia Meseguer\u00a0(March 2018 \u2013 June 2018)<\/p>\n<p>Agathe Tarillon\u00a0(February 2018 \u2013 April 2018)<\/p>\n<p>Fernando Herrero\u00a0(February 2018 \u2013 June 2018)<\/p>\n<p>Maddalena Cerruti (November 2017 \u2013 January 2018)<\/p>\n<p>Ignacio Bertola Longhi (September 2017 \u2013 January 2018)<\/p>\n<p>Sara Rodrigues de Melo Cruz\u00a0(September 2017 \u2013 December 2017)<\/p>\n<p>Mich\u00e8le Vidal (September 2017 \u2013 December 2017)<\/p>\n<p>Javier Morr\u00e1s de la Torre (April\u00a02017 \u2013 June 2017)<\/p>\n<p>Barbara Ludovico (April 2017 \u2013 June 2017)<\/p>\n<p>Anabel Otero Zamora (March 2017 \u2013 June 2017)<\/p>\n<p>Pilar de Vera Casta\u00f1o (March 2017 \u2013 April 2017)<\/p>\n<p>Martha Quinche Bautista\u00a0(February 2017 \u2013 July 2017)<\/p>\n<p>Camila Pulidor Ram\u00edrez\u00a0(February 2017 \u2013 July 2017)<\/p>\n<p>Daniel Calder\u00f3n Ramos (January 2017 \u2013 June 2017)<\/p>\n<p><a href=\"http:\/\/www.nadacolectivo.com\/\">Clara Maseda Juan<\/a> (January 2017 \u2013 March 2017)<\/p>\n<p>Victoria Santos Peralta (October 2016 \u2013 January\u00a02017)<\/p>\n<p><a href=\"http:\/\/www.nadacolectivo.com\/\">Laura Corradi<\/a> (September 2016 \u2013 January\u00a02017)<\/p>\n<p><a href=\"http:\/\/www.nadacolectivo.com\/\">Francesca Alessandro<\/a> (September 2016 \u2013 January\u00a02017)<\/p>\n<p>Jes\u00fas Jim\u00e9nez Ambite\u00a0(September 2016 \u2013 January\u00a02017)<\/p>\n<p><a href=\"https:\/\/www.instagram.com\/anacsc.design\/\">Ana Campillos S\u00e1nchez-Camacho<\/a> (September 2016 \u2013 January 2017)<\/p>\n<p>Claudia Berrios (September 2016 \u2013 December 2016)<\/p>\n<p>Reem Elattar (July 2016 \u2013 September 2016)<\/p>\n<p><a href=\"https:\/\/www.behance.net\/mthld\">Mathilde Noirot<\/a> (April 2016 \u2013 September 2016)<\/p>\n<p>Micol Masetti (January 2016 \u2013 Julio 2016)<\/p>\n<p>Francesca Vercellino (November 2015 \u2013 July 2016)<\/p>\n<p>Thibaud Dubrule (April 2016 \u2013 July 2016)<\/p>\n<p><a href=\"https:\/\/es.linkedin.com\/in\/elena-gallego-de-velasco-b0a1bb82\">Elena Gallego<\/a> (April 2016 \u2013 June 2016)<\/p>\n<p><a href=\"https:\/\/es.linkedin.com\/in\/nerea-sanz-ferrer-040408127\">Nerea Sanz<\/a> (April 2016 \u2013 June 2016)<\/p>\n<p>Martina Borfiga (November 2015 \u2013 April 2016)<\/p>\n<p>Elisa Zenoni (November 2015 \u2013 April 2016)<\/p>\n<p>Marta Mart\u00edn Funes (October 2015 \u2013 March 2016)<\/p>\n<p>Carolina Reguera Olivares (June 2015 \u2013 October 2015)<\/p>\n<p>Julia Rubio Ruiz-Ayucar (June 2015 \u2013 October 2015)<\/p>\n<p>Virginia Merch\u00e1n Suita (June 2015 \u2013 October 2015)<\/p>\n<p>Eugenio Tarantino (July 2015 \u2013 September 2015)<\/p>\n<p>Sara Goic (July 2015 \u2013 September 2015)<\/p>\n<p>Kim Leou (June 2015 \u2013 September 2015)<\/p>\n<p>Heloise Fontaine (June 2015 \u2013 September 2015)<\/p>\n<p>David Crespo (April 2015 \u2013 June 2015)<\/p>\n<p><a href=\"https:\/\/www.linkedin.com\/in\/jezabelmejias\">Jezabel Mej\u00edas<\/a> (March 2015 \u2013 May 2015)<\/p>\n<p>Sandra San Gregorio (January 2015 \u2013 April 2015)<\/p>\n<p>Sara Ababseh (September 2014 \u2013 January 2015)<\/p>\n<p>Carol Mattos (June 2014 \u2013 December 2014)<\/p>\n<p>Cl\u00e9ment Aquilina (September 2014 \u2013 December 2014)<\/p>\n<p><a href=\"http:\/\/silviabean.altervista.org\/alterpages\/files\/cvSilviaBean.pdf\">Silvia Bean<\/a> (May 2014 \u2013 August 2014)<\/p>\n<p><a href=\"https:\/\/fr.linkedin.com\/pub\/colombine-no%C3%A9b%C3%A8s-tourr%C3%A8s\/91\/b19\/906\">Colombine Noub\u00e8s- Tour\u00e9s<\/a> (February \u2013 June 2014)<\/p>\n<p><a href=\"https:\/\/instagram.com\/estoesalgo\/\">Julia Garc\u00eda Lozano<\/a> (February 2014 \u2013 June 2014)<\/p>\n<p>Maia Canes (January 2014 \u2013\u00a0March 2014)<\/p>\n<p>Malena Boullosa (January 2012 \u2013\u00a0June 2012)<\/p>\n","protected":false},"excerpt":{"rendered":"<p>Basurama is an\u00a0artist\u00a0collective dedicated to research, cultural and environmental creation and production\u00a0whose\u00a0practice revolves around the reflection of trash, waste and [&hellip;]<\/p>\n","protected":false},"author":1,"featured_media":0,"parent":0,"menu_order":1,"comment_status":"open","ping_status":"closed","template":"template-full-custom.php","meta":{"footnotes":""},"class_list":["post-891","page","type-page","status-publish","hentry"],"_links":{"self":[{"href":"https:\/\/archive.basurama.org\/en\/wp-json\/wp\/v2\/pages\/891","targetHints":{"allow":["GET"]}}],"collection":[{"href":"https:\/\/archive.basurama.org\/en\/wp-json\/wp\/v2\/pages"}],"about":[{"href":"https:\/\/archive.basurama.org\/en\/wp-json\/wp\/v2\/types\/page"}],"author":[{"embeddable":true,"href":"https:\/\/archive.basurama.org\/en\/wp-json\/wp\/v2\/users\/1"}],"replies":[{"embeddable":true,"href":"https:\/\/archive.basurama.org\/en\/wp-json\/wp\/v2\/comments?post=891"}],"version-history":[{"count":42,"href":"https:\/\/archive.basurama.org\/en\/wp-json\/wp\/v2\/pages\/891\/revisions"}],"predecessor-version":[{"id":30243,"href":"https:\/\/archive.basurama.org\/en\/wp-json\/wp\/v2\/pages\/891\/revisions\/30243"}],"wp:attachment":[{"href":"https:\/\/archive.basurama.org\/en\/wp-json\/wp\/v2\/media?parent=891"}],"curies":[{"name":"wp","href":"https:\/\/api.w.org\/{rel}","templated":true}]}}

<p>Basurama is an artist collective dedicated to research, cultural and environmental creation and production whose practice revolves around the reflection of trash, waste and reuse in all its formats and possible meanings. It was born in the Madrid School of Architecture (ETSAM) in the year 2001 and, since then, it has evolved and acquired new shapes. Our aim is to study those phenomena inherent in the massive production of real and virtual trash in the consumer society, providing different points of view on the subject that might generate new thoughts and attitudes. We find gaps in these processes of production and consumption that not only raise questions about the way we manage our resources but also about the way we think, we work, we perceive reality.</p>
<p>Far from trying to offer a single manifest to be used as a manual, Basurama has compiled a series of multiform opinions and projects, not necessarily resembling each other, which explore different areas related to trash. We try to establish subtle connections between them so that they may give rise to unexpected reactions. We are not worried about its lack of unity; moreover, we believe it as evocative and potentially subversive values. Besides the visual arts in all its formats Basurama compiles all kind of workshops, talks, concerts, projections and publications.</p>
<p>Basurama acts like a creative linking platform where different agents of the same social network come together. It has created more than 100 projects in the four continents. Its base is in Madrid, but it is also formed by two representative offices in Bilbao (Spain).</p>
<p>&nbsp;</p>
<h2 class="page-heading">Who WE ARE</h2>
<p><a href="https://basurama.org/wp-content/uploads/2009/10/fotodegrupo1366.jpg"><img loading="lazy" decoding="async" class=" alignright wp-image-21868" src="https://basurama.org/wp-content/uploads/2009/10/fotodegrupo1366.jpg" alt="fotodegrupo1366" width="504" height="324" /></a><strong>Basurama Madrid</strong><span class="Apple-converted-space"> </span>is formed by</p>
<ul>
<li>Mónica Gutiérrez Herrero</li>
<li>Rubén Lorenzo Montero</li>
<li>Alberto Nanclares da Veiga</li>
<li>Manuel Polanco Pérez-Llantada</li>
<li>Nerea Sanz Ferrer</li>
</ul>
<p><strong>Basurama Milan</strong> is formed by</p>
<ul>
<li>Miguel Rodríguez Cruz</li>
</ul>
<p><strong>Basurama Bilbao</strong><span class="Apple-converted-space"> </span>is formed by</p>
<ul>
<li>Pablo Rey Mazón</li>
</ul>
<p><strong>Had been part of Basurama:</strong></p>
<ul>
<li>Carlos Alarcon Allen</li>
<li>Benjamín Castro Teran</li>
<li>Yago Bouzada Biurrun</li>
<li>Juan López-Aranguren Blázquez</li>
</ul>
<p>&nbsp;</p>
<h2 class="page-heading">CV</h2>
<p>You can check our complete curriculum <a href="https://docs.google.com/document/d/1bqEoDL0YklPwNpEULgh-2G9v6IhDURg26i8bIkM8KrE/pub">here</a></p>
<p><a href="https://drive.google.com/file/d/1LDfrD3UfH2_zPfbEgi-e1dKNvSjUudMD/view?usp=sharing">Download Porfolio</a></p>
<p>&nbsp;</p>
<h2 class="page-heading">MORE ABOUT US</h2>
<p>In this<a href="http://www.elcultural.es/videos/video/1039/DINAMIZADORES/Basurama_arte_y_reflexion_con_desperdicios"> video</a> we explain how we see our practice nowadays.</p>
<p>This video from the TV program<a href="http://www.rtve.es/alacarta/videos/la-aventura-del-saber/aventura-del-saber-basurama/2019944/"> La Aventura del Saber</a> explains very well many of our recent activities.</p>
<p>In this questionnaire we answer general questions about Basurama, and about and participatory projects and cultural ecosystems.</p>
<p>&nbsp;</p>
<h2 class="page-heading">INTERNS</h2>
<p>These people have been interns with us:</p>
<p>Chiara Torelli (April 2024 – July 2024)</p>
<p>Enrique Fernández Vázquez (February 2024 – June 2024)</p>
<p>Elizaveta Pikul (September 2023 – December 2023)</p>
<p>Alba Domingo Dophemont (September 2023 – February 2024)</p>
<p>Laura Labrador García (February 2023 – July 2023)</p>
<p>Carmen Diéguez Ojeda (September 2022 – February 2023)</p>
<p>Alexandra Maximová (September 2022 – June 2023)</p>
<p>Iñaki García Esteban (February 2022 – July 2022)</p>
<p>Stela Vakalopoulou (February 2022 – May 2022)</p>
<p>Violeta Pérez Hurtado (February 2022 – June 2022)</p>
<p>Laura Castronovo Albanese (November 2021 – February 2022)</p>
<p>Lucía Gómez Mellado (September 2021 – February 2022)</p>
<p>Gabriel Cazzola (September 2021 – December 2021)</p>
<p>Kenza Jazouli (May 2021)</p>
<p>María Lucía Peña Ardila (March 2021 – May 2021 and September 2021 – December 2021)</p>
<p>Candela Guindo Navarro (February 2021 – June 2021)</p>
<p>Lucía Díaz-Blanco Martínez (February 2021 – June 2021)</p>
<p>Alix Mesguen (September 2020 – February 2021)</p>
<p>Álvaro González Serrano (September 2020 – January 2021)</p>
<p>Regina Lagos González (March 2020 – May 2020)</p>
<p>Andrea Arranz Sánchez (February 2020 – June 2020)</p>
<p>Ana Iris Alameda Olivo (February 2020 – June 2020)</p>
<p>Joanna Poupaki (November 2019 – July 2020)</p>
<p>Eleni Diamantouli (November 2019 – April 2020)</p>
<p>Ángel Taboas Troncoso (September 2019 – February 2020)</p>
<p>David Tablado Aguilera (September 2019 – February 2020)</p>
<p>Clava von Schwerin (May 2019 – July 2019)</p>
<p>Beatrice de Nicola (February 2019 – July 2019)</p>
<p>Pablo Paniagua (February 2019 – June 2019)</p>
<p>Delia Díaz Utrilla (February 2019 – June 2019)</p>
<p><a href="https://www.linkedin.com/in/miriellerobles/">Mirielle Esther Robles</a> (September 2018 – February 2019)</p>
<p>Sandro Cobo Jiménez (September 2018 – January 2019)</p>
<p>Christina Ioannou (September 2018 – December 2018)</p>
<p>Patricia Meseguer (March 2018 – June 2018)</p>
<p>Agathe Tarillon (February 2018 – April 2018)</p>
<p>Fernando Herrero (February 2018 – June 2018)</p>
<p>Maddalena Cerruti (November 2017 – January 2018)</p>
<p>Ignacio Bertola Longhi (September 2017 – January 2018)</p>
<p>Sara Rodrigues de Melo Cruz (September 2017 – December 2017)</p>
<p>Michèle Vidal (September 2017 – December 2017)</p>
<p>Javier Morrás de la Torre (April 2017 – June 2017)</p>
<p>Barbara Ludovico (April 2017 – June 2017)</p>
<p>Anabel Otero Zamora (March 2017 – June 2017)</p>
<p>Pilar de Vera Castaño (March 2017 – April 2017)</p>
<p>Martha Quinche Bautista (February 2017 – July 2017)</p>
<p>Camila Pulidor Ramírez (February 2017 – July 2017)</p>
<p>Daniel Calderón Ramos (January 2017 – June 2017)</p>
<p><a href="http://www.nadacolectivo.com/">Clara Maseda Juan</a> (January 2017 – March 2017)</p>
<p>Victoria Santos Peralta (October 2016 – January 2017)</p>
<p><a href="http://www.nadacolectivo.com/">Laura Corradi</a> (September 2016 – January 2017)</p>
<p><a href="http://www.nadacolectivo.com/">Francesca Alessandro</a> (September 2016 – January 2017)</p>
<p>Jesús Jiménez Ambite (September 2016 – January 2017)</p>
<p><a href="https://www.instagram.com/anacsc.design/">Ana Campillos Sánchez-Camacho</a> (September 2016 – January 2017)</p>
<p>Claudia Berrios (September 2016 – December 2016)</p>
<p>Reem Elattar (July 2016 – September 2016)</p>
<p><a href="https://www.behance.net/mthld">Mathilde Noirot</a> (April 2016 – September 2016)</p>
<p>Micol Masetti (January 2016 – Julio 2016)</p>
<p>Francesca Vercellino (November 2015 – July 2016)</p>
<p>Thibaud Dubrule (April 2016 – July 2016)</p>
<p><a href="https://es.linkedin.com/in/elena-gallego-de-velasco-b0a1bb82">Elena Gallego</a> (April 2016 – June 2016)</p>
<p><a href="https://es.linkedin.com/in/nerea-sanz-ferrer-040408127">Nerea Sanz</a> (April 2016 – June 2016)</p>
<p>Martina Borfiga (November 2015 – April 2016)</p>
<p>Elisa Zenoni (November 2015 – April 2016)</p>
<p>Marta Martín Funes (October 2015 – March 2016)</p>
<p>Carolina Reguera Olivares (June 2015 – October 2015)</p>
<p>Julia Rubio Ruiz-Ayucar (June 2015 – October 2015)</p>
<p>Virginia Merchán Suita (June 2015 – October 2015)</p>
<p>Eugenio Tarantino (July 2015 – September 2015)</p>
<p>Sara Goic (July 2015 – September 2015)</p>
<p>Kim Leou (June 2015 – September 2015)</p>
<p>Heloise Fontaine (June 2015 – September 2015)</p>
<p>David Crespo (April 2015 – June 2015)</p>
<p><a href="https://www.linkedin.com/in/jezabelmejias">Jezabel Mejías</a> (March 2015 – May 2015)</p>
<p>Sandra San Gregorio (January 2015 – April 2015)</p>
<p>Sara Ababseh (September 2014 – January 2015)</p>
<p>Carol Mattos (June 2014 – December 2014)</p>
<p>Clément Aquilina (September 2014 – December 2014)</p>
<p><a href="http://silviabean.altervista.org/alterpages/files/cvSilviaBean.pdf">Silvia Bean</a> (May 2014 – August 2014)</p>
<p><a href="https://fr.linkedin.com/pub/colombine-no%C3%A9b%C3%A8s-tourr%C3%A8s/91/b19/906">Colombine Noubès- Tourés</a> (February – June 2014)</p>
<p><a href="https://instagram.com/estoesalgo/">Julia García Lozano</a> (February 2014 – June 2014)</p>
<p>Maia Canes (January 2014 – March 2014)</p>
<p>Malena Boullosa (January 2012 – June 2012)</p>
